(5).
187
Let k(j) = -39*j**2 + 1016*j - 5993. Determine k(17).
8
Let l(i) = 784*i - 97202. Give l(124).
14
Let s(i) = -19*i**2 - 1049*i + 8020. What is s(-62)?
22
Let y(f) = -119065*f - 3095686. What is y(-26)?
4
Let p(q) = -41*q**2 + 4241*q - 14113. What is p(100)?
-13
Let z(p) = -p**2 + 4379*p - 26254. Determine z(6).
-16
Let g(t) = -2*t**2 - 166*t - 2179. Calculate g(-13).
-359
Let z(i) = -346*i - 699. What is z(-1)?
-353
Let i(g) = -g**3 + 287*g**2 + 1752*g - 19. Give i(-6).
17
Let r(z) = -298*z + 20599. What is r(69)?
37
Let n(h) = -8*h**2 + 175*h + 77. Determine n(16).
829
Let w(m) = -m**3 - 48*m**2 - 255*m - 6918. Calculate w(-43).
-5198
Let h(r) = -6*r**3 + 34*r**2 - 140*r - 73. Give h(5).
-673
Let a(n) = -n**3 + n**2 + 125*n + 56. What is a(15)?
-1219
Let v(c) = 9*c + 185. Calculate v(43).
572
Let m(s) = 3*s**3 + 898*s**2 - 1524*s - 5819. Give m(-301).
-100
Let z(f) = 18*f**3 + 448*f**2 - 16*f + 36. Give z(-25).
-814
Let n(k) = -273998*k - 38085715. What is n(-139)?
7
Let g(i) = 10547*i + 442972. Determine g(-42).
-2
Let q(n) = -50*n + 6616. What is q(-32)?
8216
Let g(j) = j**3 - 76*j**2 - 4566. Calculate g(0).
-4566
Let c(v) = v**2 - 841*v - 2413633. Give c(-1189).
37
Let t(c) = 16*c**3 + 2*c**2 + 23*c - 10. What is t(-3)?
-493
Let t(m) = 25926*m + 414876. What is t(-16)?
60
Let z(r) = 22*r**2 - 40*r + 95. Calculate z(3).
173
Let p(y) = -193*y**2 - 4250*y - 119. What is p(-22)?
-31
Let i(u) = 72*u**2 - 542*u - 1056. Give i(-2).
316
Let g(z) = 5*z**2 + 1801*z + 74841. Determine g(-48).
-87
Let u(l) = -647*l - 100282. Determine u(-155).
3
Let x(b) = -338*b - 72351. Calculate x(-214).
-19
Let f(b) = 37*b**2 - 10212*b + 16. Calculate f(276).
16
Let z(b) = b**2 - 907*b + 151600. Determine z(221).
-6
Let d(h) = h**3 - 263*h**2 + 2045*h - 1280. Calculate d(255).
-5
Let m(l) = -6*l**2 + 3709*l - 7777. What is m(616)?
231
Let f(b) = -3251*b - 13496. Determine f(-4).
-492
Let f(v) = 27243*v + 272426. Give f(-10).
-4
Let t(u) = 512*u - 8078. Give t(17).
626
Let y(o) = 16576*o + 1938. Calculate y(0).
1938
Let z(v) = 5*v**2 - 106*v + 497. Give z(14).
-7
Let z(g) = -g**3 - g**2 + 5*g + 434. Give z(12).
-1378
Let i(w) = -1378*w + 355255. What is i(258)?
-269
Let t(v) = 2*v**3 + 31*v**2 - 74*v + 64. What is t(-19)?
-1057
Let p(o) = 10588*o + 529405. What is p(-50)?
5
Let s(l) = 7417*l - 74184. Give s(10).
-14
Let u(s) = 2*s**3 - 898*s**2 + 4*s - 1687. Give u(449).
109
Let g(d) = -d**2 - 1879*d - 25830. What is g(-14)?
280
Let i(w) = 3129*w - 225301. Give i(72).
-13
Let s(j) = -j**3 + 221*j**2 + 1497*j - 30633. Give s(227).
12
Let a(c) = -6323*c**2 + 75878*c + 47. What is a(12)?
71
Let p(z) = -46467*z - 19702011. Give p(-424).
-3
Let a(x) = 4*x**2 + 163*x + 1. What is a(-40)?
-119
Let k(v) = 8596*v + 2432424. What is k(-283)?
-244
Let x(q) = -303*q + 2776. Calculate x(9).
49
Let m(t) = 7*t**2 - 993*t + 9995. Calculate m(131).
39
Let h(x) = -70*x**2 - 113*x - 359. Calculate h(-5).
-1544
Let y(l) = -67*l**2 - 301*l + 248. Determine y(-4).
380
Let w(x) = -286*x - 13676. What is w(-48)?
52
Let j(n) = 2*n**2 + 34492*n + 68981. What is j(-2)?
5
Let x(o) = -244*o**2 - 4624*o + 244. Give x(-19).
16
Let y(v) = 45*v**2 - 5914*v - 128607. Give y(-19).
4
Let l(b) = -b**3 + 303*b**2 + 228*b - 69077. Calculate l(303).
7
Let x(n) = 33*n**3 + 8*n**2 + 32*n + 29. Determine x(-2).
-267
Let d(v) = 214*v + 2150. Give d(-10).
10
Let s(g) = 152*g + 34541. What is s(-227)?
37
Let r(w) = 74440*w + 19205519. Determine r(-258).
-1
Let h(u) = 1682*u + 393568. Give h(-234).
-20
Let v(f) = -143185*f + 3436425. Calculate v(24).
-15
Let l(n) = 7*n**3 + 281*n**2 + 32*n + 85. Calculate l(-40).
405
Let r(n) = 6*n**2 - 1700*n + 7359. Calculate r(279).
105
Let i(p) = p**2 + 5788*p - 81227. Calculate i(14).
1
Let a(m) = 180*m - 71146. What is a(395)?
-46
Let h(b) = -5*b**3 - 548*b**2 - 899*b - 3769. Give h(-108).
11
Let n(b) = 3*b**2 - 977*b + 22524. Calculate n(25).
-26
Let g(o) = -362*o + 28632. Determine g(79).
34
Let z(v) = v**3 - 82*v**2 - 613*v - 900. Calculate z(-5).
-10
Let h(u) = 68*u**2 + 8613*u - 34453. What is h(4)?
1087
Let t(j) = 2*j**3 + j**2 - 8*j + 316. Calculate t(9).
1783
Let d(s) = s**3 - 76*s**2 + 484*s - 573. Give d(70).
3907
Let d(u) = 608*u + 7065. Give d(-11).
377
Let y(z) = -141*z**2 - 2189*z - 1120. Calculate y(-15).
-10
Let s(q) = -2*q**2 - 497*q - 7885. What is s(-17)?
-14
Let f(k) = 89*k**2 + 171*k - 26. What is f(-5)?
1344
Let o(i) = 207*i - 3473. Determine o(21).
874
Let f(s) = 7*s**2 - 629*s + 4034. Give f(83).
50
Let w(r) = -218*r - 83046. Calculate w(-381).
12
Let q(r) = -17*r**2 + 176*r - 96. Calculate q(9).
111
Let t(h) = -2*h**3 - 307*h**2 + 1570*h + 66. Determine t(5).
-9
Let d(p) = -p**3 - 44*p**2 + 144*p + 8941. Determine d(-43).
900
Let g(h) = 772*h**2 - 2015*h + 935. Give g(2).
-7
Let h(w) = -w**2 + 90*w - 1740. Determine h(31).
89
Let a(r) = -73*r**2 - 2930*r - 437. What is a(-40)?
-37
Let t(n) = -n**3 - 232*n**2 + 18231*n - 255. Give t(62).
-69
Let f(o) = 3*o**3 - 307*o**2 + 92*o + 45. Give f(102).
-975
Let x(p) = p**3 - 45*p**2 - 284*p + 18. Determine x(-5).
188
Let v(y) = 135*y - 1857. What is v(10)?
-507
Let c(n) = 3*n**3 - 43*n**2 + 49*n + 32. Give c(13).
-7
Let c(h) = -4*h**2 - 1436*h - 22522. Calculate c(-16).
-570
Let t(i) = i**3 + 41*i**2 + 173*i + 3406. Determine t(-39).
-299
Let f(y) = y**3 + 1356*y**2 + 12187*y + 7. Determine f(-9).
-569
Let u(w) = -11*w**2 + 13*w + 26. Calculate u(2).
8
Let c(o) = -o**3 + 24*o**2 + 79*o - 1407. Determine c(25).
-57
Let o(r) = -2*r**3 + 28*r**2 - 100*r - 13. Calculate o(10).
-213
Let z(n) = 252816*n - 2275390. What is z(9)?
-46
Let c(j) = -26*j**2 + 1520*j - 6999. Calculate c(5).
-49
Let y(u) = 4*u**2 - 109976*u - 659858. What is y(-6)?
142
Let a(o) = -2*o**3 - 12335*o**2 + 173082*o - 1. Determine a(14).
-1
Let n(w) = 3300*w - 435603. Give n(132).
-3
Let x(u) = -u**2 + 10709*u - 74980. What is x(7)?
-66
Let j(g) = -9*g + 497. Determine j(9).
416
Let d(g) = -9*g**2 + 2025*g - 7963. Calculate d(221).
-7
Let o(v) = -309*v + 72035. What is o(233)?
38
Let a(p) = 43374*p + 3122978. Calculate a(-72).
50
Let h(b) = -22*b**2 + 1178*b + 253. What is h(53)?
889
Let h(i) = 70*i**2 + 28281*i + 403. Determine h(-404).
-1
Let x(w) = 88*w**2 - 28*w + 85. Give x(4).
1381
Let i(x) = 95*x**3 + 963*x + 963. What is i(-1)?
-95
Let m(k) = 797*k - 28922. Determine m(35).
-1027
Let m(u) = 56*u**2 - 833*u + 37. Calculate m(15).
142
Let v(b) = -244*b - 6853. Give v(-26).
-509
Let l(p) = 73*p**2 + 10038*p + 30109. Give l(-3).
652
Let y(x) = x**2 - 456*x - 1619863. Determine y(-1065).
2
Let w(v) = 34*v**2 - 161*v - 114. Determine w(9).
1191
Let q(a) = 3*a**3 - 895*a**2 + 406*a - 32173. Determine q(298).
11
Let d(o) = -428*o**2 + 5229*o - 1109. Give d(12).
7
Let i(x) = 19833*x - 1546970. What is i(78)?
4
Let p(d) = 51625*d + 825999. Give p(-16).
-1
Let h(a) = 83*a**2 - 4807*a - 365. Calculate h(58).
41
Let j(m) = -8451*m - 42249. What is j(-5)?
6
Let a(y) = -y**3 - 110*y**2 - 212*y + 1231. Determine a(-108).
799
Let l(f) = 76*f**2 - 618*f + 57. Determine l(8).
-23
Let g(q) = 6*q**2 - 15*q - 7961. Calculate g(-35).
-86
Let u(y) = 8*y**3 + 120*y**2 + 18*y + 299. Give u(-15).
29
Let o(z) = -3*z**3 + 89*z**2 + 87*z - 1698. Give o(30).
12
Let t(g) = -3852*g**2 + 1313533*g - 339. Calculate t(341).
2
Let y(d) = -d**3 - 49*d**2 + 659*d - 106. Give y(-60).
-46
Let r(t) = -28503*t + 541594. Determine r(19).
37
Let c(l) = 5*l**3 + 15*l**2 - 272*l - 540. Calculate c(7).
6
Let b(d) = 4*d**2 + 4539*d + 31765. Calculate b(-7).
188
Let u(j) = 19*j - 1510. Determine u(93).
257
Let l(h) = -46*h**3 - 136*h**2 + 4*h - 18. Calculate l(-3).
-12
Let x(y) = -104*y + 5972. What is x(57)?
44
Let b(n) = 12770*n - 14809. Give b(1).
-2039
Let b(k) = -30*k**2 - 978*k - 568. Determine b(-32).
8
Let r(o) = -26*o**2 + 120*o - 246. Give r(5).
-296
Let z(u) = 366*u - 8759. What is z(24)?
25
Let r(v) = -631*v + 59667. What is r(95)?
-278
Let u(y) = -1926*y + 9424. Calculate u(5).
-206
Let i(n) = 545*n + 34886. Give i(-64).
6
Let s(p) = 8*p**3 - 21*p**2 + 4348*p - 8688. Determine s(2).
-12
Let v(w) = -68048*w + 7. Give v(0).
7
Let c(w) = -2*w**3 + 64*w**2 + 133*w + 240. What is c(34)?
138
Let r(k) = 7*k**3 - 2*k**2 - 1196*k - 2394. What is r(-2)?
-66
Let m(j